ed by 5.
2
Let o = 49 + -28. Suppose o = j - 54. Suppose -3*y - 2*y = -j. Calculate the remainder when y is divided by 4.
3
Let n(w) = 199*w. Let b(g) = g**2 - 43*g - 189. Calculate the remainder when n(1) is divided by b(-5).
46
Suppose -49 = -a - 17. Suppose 0 = 3*u - 3, 5*c - 3*u - 19 + 72 = 0. What is the remainder when (-4)/c + 5093/55 is divided by a?
29
Calculate the remainder when 3795 is divided by (-101)/(-4) + 105/12 + -8.
25
Suppose -24 = -s + y, 0*s = -s - 2*y + 15. Let i = -63 + 102. What is the remainder when i is divided by s?
18
Suppose 10 = -y + n + 40, 5*n - 88 = -2*y. Suppose -y = -3*z + 56. What is the remainder when z is divided by 16?
14
Suppose x = 5*n + 2 - 1, -2*n + 6 = 0. Let f = 181 - 55. What is the remainder when (f/10)/((-2)/(-10)) is divided by x?
15
Let v = -280 + 321. Calculate the remainder when 160 is divided by v.
37
Let c(r) = r**2 - 3*r - 25. Let p be c(7). What is the remainder when 15 is divided by 7 - ((p - 2)*2 + -3)?
7
Suppose -2 = -2*c + 14. Let o be (-4)/((-11)/22*(-4)/(-50)). Suppose -w - o = -5*b + 17, -4*b = -w - 94. What is the remainder when b is divided by c?
7
Suppose y = -4*y + 3*d, y - d = 2. Let t(o) = o**3 + 3*o**2 - 2*o + 3. Let u be t(y). Suppose -7*h - 16 = -u*h. What is the remainder when 14 is divided by h?
6
Suppose 9 = -s - 103. Let k = s - -116. What is the remainder when 8 is divided by k?
0
Suppose 2*j - 16 = 2*m, 7*m = -3*j + 4*m + 18. Calculate the remainder when j is divided by 5.
2
Suppose -55 = -2*b + 5*c, 3*b + 4*c + 6 - 54 = 0. What is the remainder when 366 is divided by b?
6
Suppose -11 = -s - 6, -5*b = 3*s - 110. Calculate the remainder when 143 is divided by b.
10
Let i(r) = -r**2 - 83*r + 48. What is the remainder when i(-68) is divided by 107?
105
Suppose -6*x = -15 - 141. What is the remainder when x is divided by 24?
2
What is the remainder when ((-15)/10)/((-12)/(-26))*-56 is divided by 46?
44
Suppose 9 = t - 35. Calculate the remainder when t is divided by 9.
8
Suppose -84 = -4*g - 2*v + 8, -5*g - 3*v + 113 = 0. Suppose 7*z = 354 + 31. Calculate the remainder when z is divided by -5*1*(-95)/g.
17
Let r(a) = -a**3 + 5*a**2 + 8*a - 5. What is the remainder when r(5) is divided by 21 + 3 + -7 - -2?
16
Let t(h) = h**3 - 2*h**2 + 2*h - 1. Let v be t(1). Suppose v = 3*g + 59 + 55. Calculate the remainder when (g/3)/((-12)/18) is divided by 5.
4
Let z = -14 + 18. Suppose 54 = z*a - 18. Calculate the remainder when 49 is divided by a.
13
Suppose 0*q + 3*q = -4*n + 591, 146 = n - q. Calculate the remainder when n is divided by 37.
36
Suppose -3*k - 4*q = -133, 3*k - q = 102 + 56. What is the remainder when k is divided by 9?
6
Let t(i) = -i**2 + 4*i + 1. Let p be t(3). Suppose -p*d + 16 = -8. Calculate the remainder when (-11)/(1/(-4)*4) is divided by d.
5
Suppose 14*i + 26*i - 600 = 0. Calculate the remainder when 117 is divided by i.
12
Suppose 5*l - 4*l - 5 = 0. What is the remainder when 242/10 - 1/l is divided by 1/(-2) + 27/2?
11
Let u(f) = 96*f - 93. Calculate the remainder when u(6) is divided by 22.
21
What is the remainder when 95 is divided by (-16)/(-12)*(20 - (4 + -5))?
11
Let t(p) = p**3 - 12*p**2 + 3*p - 16. Calculate the remainder when t(12) is divided by 2.
0
Suppose -2*o + 4*a = -86, -4*o = -3*a + 6*a - 216. Suppose -o = -l - 2*l. What is the remainder when 32 is divided by l?
15
Let k = -5 - -7. What is the remainder when 79 is divided by ((-8)/6)/k*1107/(-18)?
38
Calculate the remainder when -4*222/(-12) - (-1 + 3) is divided by 39.
33
Let m(d) = d**2. Let l(w) = w + 2. Let q be l(-2). Let v be m(q). Suppose -6*h + h + 45 = v. What is the remainder when 32 is divided by h?
5
Suppose 34*i = 19*i + 2580. Calculate the remainder when i is divided by 46.
34
Suppose -2*a = 2*h + 3*h - 37, 4*h - 4*a = 52. What is the remainder when 141 is divided by h?
6
Let s be ((-4)/(-2) - 0)*2. Suppose 3*k = -5*l + 120, -s*l - k + 96 = -2*k. What is the remainder when l is divided by 14?
10
Let a be 30/(-70) + (-26256)/(-14). Suppose 4*s + 2*k = k + a, 2*k = -s + 460. Suppose -v - s = -6*v. Calculate the remainder when v is divided by 24.
22
Let a(u) = -u**3 + 4*u**2 + 7*u - 6. Let b(l) = l**2 - 10*l + 7. Let w be b(8). Let p = 15 + w. What is the remainder when p is divided by a(5)?
2
Let g(l) = -l**2 - 5*l + 2. Let u be g(-6). Calculate the remainder when 38 is divided by 4*-4*2/u.
6
Suppose 16*v = 3*v + 13. Let k = 6 + v. Calculate the remainder when 20 is divided by k.
6
Let i be 40/140 + 250/7. Let s(d) = -d**2 - 8*d - 5. Calculate the remainder when s(-4) is divided by i/10 + (-14)/(-35).
3
Suppose c - 6 = 7*y - 2*y, 0 = -3*y - 4*c + 1. What is the remainder when ((-4)/10)/y - (-1007)/95 is divided by 3?
2
Let p(r) = 0*r - 6*r - 3 + 5. Let j(u) = u + 1. Let k be j(-3). What is the remainder when 55 is divided by p(k)?
13
Let f(j) = 3*j**2 + 8*j - 22. Let z = 72 - 45. Calculate the remainder when f(6) is divided by z.
26
Suppose -x = 3*x - 168. Suppose 0 = j - 11 - x. Suppose -4*u - j + 229 = 0. Calculate the remainder when u is divided by 15.
14
Suppose -16 = 5*w + 2*c, -c = -5*w + c - 4. Let d = w + 7. Suppose 150 = 5*x - 2*n - 2*n, 4*x - 161 = -d*n. What is the remainder when x is divided by 12?
10
Suppose p - 16 = -p. Suppose -20 = g - 5*q, -4*g + q - 156 = -0*q. Let k = 55 + g. Calculate the remainder when k is divided by p.
7
Suppose -4*p + 157 = -27. What is the remainder when p is divided by 16?
14
Suppose 0*o - 2*o - 3*q = 13, 9 = -o - 2*q. Let j be o/4 - 2/8. Let w(u) = -u + 27. Calculate the remainder when 78 is divided by w(j).
24
Let j = -763 - -863. What is the remainder when j is divided by 51?
49
Suppose -1 = -i, -g = -0*g - 3*i - 11. Suppose 780 = 1228*u - 1208*u. Calculate the remainder when u is divided by g.
11
Let o(d) = -6 + 15 - 5 + d**2. Calculate the remainder when o(-9) is divided by 45.
40
Suppose 4*c = r - 9, 0 = 3*r + 5*c - 3*c - 13. What is the remainder when r - (0 + -1 + -3) is divided by (-4)/(-10) - (-92)/20?
4
Let v = -5 - -45. Suppose -4*c = -2*c - v. Calculate the remainder when c is divided by 1/(-3*(-3)/63).
6
Let v = 1977 + -1213. Suppose 564 = 3*s + 3*m, 2*m + v = -0*s + 4*s. Suppose -s = 7*f - 12*f. Calculate the remainder when f is divided by 20.
18
Suppose -12*g - 4*p + 196 = 0, 2*p + 2*p = 16. Calculate the remainder when 278 is divided by g.
8
Let a = -37 - -65. Let k(h) = 4*h - 34. Calculate the remainder when a is divided by k(11).
8
Suppose 0 = -2*r - 3*r - 180. Let x = 65 - 152. Let m = r - x. What is the remainder when m is divided by 13?
12
What is the remainder when 119 is divided by (8/28)/((-1980)/(-987) - 2)?
25
Suppose -9*v = -4*v. Let i = v - -39. Let m = -121 - -142. Calculate the remainder when i is divided by m.
18
Suppose 6*f = 2383 - 2353. Let w = 16 - 10. Calculate the remainder when 4/w + (-50)/(-6) is divided by f.
4
Suppose 0 = -3*h + 48 - 12. Suppose b - 29 = 2*o, 2*b + 12*o = 14*o + 52. What is the remainder when b is divided by h?
11
Suppose 0 = -5*h + 12 + 73. What is the remainder when 52 is divided by h?
1
Let z = 64 - 82. Suppose -5*m - 106 = 4*l + 23, 0 = 2*l + 2. Let y = z - m. Calculate the remainder when 17 is divided by y.
3
Suppose -x = -67 + 59. Let t = 25 + -10. What is the remainder when t is divided by x?
7
Let u(v) = 2*v**2 - 4*v + 19. Calculate the remainder when 206 is divided by u(0).
16
Suppose 2*p + 2*o - 38 = 0, 5*o + 85 = p + 4*p. Let d(y) = y**3 - 2*y + 7. Calculate the remainder when p is divided by d(0).
4
Let g(v) = v**2 + v + 7. Let j be g(-7). Suppose 52*i = j*i + 48. Calculate the remainder when 47 is divided by i.
15
Suppose -20 = -5*s + c, -s + 3*c + 28 - 10 = 0. Let f = 0 + s. What is the remainder when f is divided by 1?
0
Calculate the remainder when 2/(-28)*106*(-2 - 5) is divided by 8.
5
Suppose 7*p - 10 = 18. What is the remainder when 95 is divided by (0 - -28) + -8 + p?
23
Let q(u) = 4*u**2 + 2 - u**3 + 0 - 2*u - 6*u**2. Suppose 42*k - 30*k - 240 = 0. Calculate the remainder when k is divided by q(-2).
2
Let t = -34 + 85. Suppose t = x + 2*x. Let y = 202 + -137. Calculate the remainder when y is divided by x.
14
Let h = -251 + 259. What is the remainder when 181 is divided by h?
5
Suppose -4*v = m + 435, 5*v - 3*m = -0*m - 531. Let f = -98 - v. What is